se 3, what is -122 + 2?
-120
In base 3, what is 201001220 - -2?
201001222
In base 3, what is 1011 + 0?
1011
In base 5, what is 2141 - -10?
2201
In base 2, what is 1001111 + -1?
1001110
In base 11, what is 14 + a?
23
In base 14, what is 199 + -1?
198
In base 4, what is 13130202 - 3?
13130133
In base 5, what is -1 + 2410?
2404
In base 8, what is -2 + 333?
331
In base 8, what is 143 - 1?
142
In base 5, what is -12 - 230?
-242
In base 10, what is 1005 + -7?
998
In base 9, what is 1571 - 0?
1571
In base 13, what is -7 + 77?
70
In base 7, what is 30 + 34?
64
In base 11, what is 9778 - -5?
9782
In base 2, what is 1 + -11011?
-11010
In base 4, what is 23 + 20101?
20130
In base 12, what is 2 + -1a?
-18
In base 6, what is -4 + -11?
-15
In base 9, what is -78 - 8?
-87
In base 8, what is -1 - 117?
-120
In base 14, what is -d8 - 9?
-103
In base 14, what is 1131 + -2?
112d
In base 15, what is -2d + -19?
-47
In base 8, what is 205 + -13?
172
In base 14, what is 4 - -5b?
61
In base 13, what is -1cb + 0?
-1cb
In base 12, what is 1855 + -3?
1852
In base 3, what is 10 - 202?
-122
In base 8, what is -2 - -164?
162
In base 11, what is -4 - 19?
-22
In base 2, what is 100000 - -1001011?
1101011
In base 8, what is -3070 + 1?
-3067
In base 15, what is -2 + -c?
-e
In base 3, what is 10101 + -1001?
2100
In base 7, what is 2 + -30?
-25
In base 10, what is 3 + -91?
-88
In base 11, what is -387 - -1?
-386
In base 16, what is -1 - -76?
75
In base 16, what is -5 + 466?
461
In base 7, what is 301 - -1?
302
In base 15, what is -5 + 7?
2
In base 5, what is -10 - -14230?
14220
In base 3, what is -12 + -212021?
-212110
In base 13, what is 5 + -22?
-1a
In base 13, what is 10 + a?
1a
In base 12, what is 3 + -4b?
-48
In base 9, what is -80 + 64?
-15
In base 2, what is -1111011 + -10001?
-10001100
In base 8, what is -21 - -53?
32
In base 10, what is -3 - 148?
-151
In base 5, what is 14 - 10?
4
In base 4, what is 1003 + -231?
112
In base 4, what is -123 - -10322?
10133
In base 11, what is 0 - -102?
102
In base 7, what is 12 - -164?
206
In base 15, what is 59 - -19?
73
In base 15, what is -5 - 386?
-38b
In base 15, what is -3d + e?
-2e
In base 6, what is 21 - -1132?
1153
In base 9, what is -27 - 387?
-425
In base 10, what is 486 - 0?
486
In base 16, what is -13 - 3f?
-52
In base 11, what is 15 + 34?
49
In base 9, what is -7034 + -1?
-7035
In base 5, what is 4304 + -4?
4300
In base 8, what is -26 + -14?
-42
In base 11, what is -9 - -5?
-4
In base 2, what is 101 - 10000000?
-1111011
In base 9, what is -583 - 5?
-588
In base 4, what is 122 + 10?
132
In base 14, what is -a + 92?
86
In base 5, what is 2033 - 11?
2022
In base 13, what is 4 + 609?
610
In base 13, what is -1 + -238?
-239
In base 4, what is 0 + 31102?
31102
In base 6, what is -332 - 5?
-341
In base 14, what is -2 - -c?
a
In base 2, what is 100001 - -1?
100010
In base 2, what is 10 - 10?
0
In base 8, what is -1013 - 7?
-1022
In base 2, what is 1000001 + 11?
1000100
In base 6, what is -12 - -105?
53
In base 13, what is 6 + b4?
ba
In base 12, what is 4558 + 5?
4561
In base 15, what is 8 - -7?
10
In base 15, what is 1269 - -5?
126e
In base 11, what is 8 - 36?
-29
In base 8, what is -262 - -27?
-233
In base 12, what is 5 - 32?
-29
In base 16, what is 9e6 - 2?
9e4
In base 14, what is -4 - -10?
a
In base 2, what is -11110101 - 10?
-11110111
In base 7, what is -3542 - 4?
-3546
In base 4, what is 22 - 3201?
-3113
In base 16, what is -f - -1ad?
19e
In base 4, what is 210222 - -2?
210230
In base 12, what is 22 - 2?
20
In base 2, what is -1111100000 - 1?
-1111100001
In base 4, what is 1011 + 10?
1021
In base 2, what is -1010 - 111100000?
-111101010
In base 12, what is 4005 + 6?
400b
In base 14, what is b + 25?
32
In base 15, what is a - e8?
-dd
In base 13, what is -5b - -31?
-2a
In base 4, what is -1002 + -3?
-1011
In base 16, what is 9b - 7a?
21
In base 12, what is 13 + -196?
-183
In base 12, what is 3 + 38?
3b
In base 12, what is 68a6 + 4?
68aa
In base 7, what is -1506 + -3?
-1512
In base 11, what is 4 - 11?
-8
In base 11, what is -36 - -192?
157
In base 3, what is -1000 + -1?
-1001
In base 8, what is 1335 - 0?
1335
In base 9, what is -28 - 136?
-165
In base 8, what is -2 + -20?
-22
In base 6, what is 1321 + -3?
1314
In base 4, what is -3 + -230?
-233
In base 6, what is -5 - 141?
-150
In base 5, what is 4 - 43?
-34
In base 10, what is 1204 + -1?
1203
In base 3, what is -120 + -10010?
-10200
In base 5, what is 2233 + -3?
2230
In base 10, what is 923 + 1?
924
In base 13, what is -148c + 4?
-1488
In base 5, what is 4 - 222?
-213
In base 6, what is -301 - 5?
-310
In base 12, what is 6 + -218?
-212
In base 4, what is 0 - 233?
-233
In base 5, what is -123 - 24?
-202
In base 6, what is 1132 + -3?
1125
In base 5, what is 1 + 20?
21
In base 5, what is -2422 - -10?
-2412
In base 9, what is 816 - -5?
822
In base 11, what is -20a + -13?
-222
In base 4, what is -1 - -3231?
3230
In base 11, what is -1 - -62a?
629
In base 3, what is 12 + 21012?
21101
In base 11, what is -1 - 52?
-53
In base 4, what is -2303 - -1?
-2302
In base 12, what is 1b0 - 7?
1a5
In base 5, what is 2 + -11041?
-11034
In base 6, what is 50 + -4035?
-3545
In base 5, what is -34200 - 10?
-34210
In base 5, what is 2 + -10?
-3
In base 2, what is 10 - 1110000?
-1101110
In base 11, what is -48 - -8?
-40
In base 4, what is -32 - -10031?
3333
In base 11, what is -2514 + -1?
-2515
In base 2, what is -10110 - 11?
-11001
In base 4, what is 11 - 302023?
-302012
In base 16, what is 7 + b0b?
b12
In base 10, what is -4 + -24?
-28
In base 7, what is 4 - -12133?
12140
In base 10, what is -2 + -1526?
-1528
In base 11, what is 1 + 28?
29
In base 6, what is 15 + 2520?
2535
In base 4, what is 11113 + -11?
11102
In base 4, what is 221 - 1211?
-330
In base 16, what is -2c + b?
-21
In base 16, what is 0 - -f?
f
In base 9, what is -3 - -173?
170
In base 11, what is 23919 - 1?
23918
In base 10, what is 30 + 115?
145
In base 13, what is 1 - 67c?
-67b
In base 16, what is 3 + -563?
-560
In base 16, what is -175 - 3?
-178
In base 7, what is -30 + -3?
-33
In base 6, what is -4 + -4514?
-4522
In base 3, what is -1010 + -1021?
-2101
In base 11, what is 27 - -12?
39
In base 7, what is -1 + -100?
-101
In base 15, what is 1 - -90?
91
In base 8, what is 752 + -33?
717
In base 6, what is 11 + -3100?
-3045
In base 6, what is -5 + 105?
100
In base 16, what is -4 - 96?
-9a
In base 13, what is -4b2 - -8?
-4a7
In base 7, what is 11 + -254?
-243
In base 9, what is 263 - -13?
276
In base 6, what is 5 - -1445?
1454
In base 11, what is -6 - 50?
-56
In base 7, what is -651 - -11?
-640
In base 7, what is -3 - 54?
-60
In base 16, what is -2 + -5a?
-5c
In base 2, what is 11 - 1100111?
-1100100
In base 3, what is -10 + 10122?
10112
In base 11, what is -a1 + -9?
-aa
In base 12, what is 7 + 24?
2b
In base 13, what is -3 - -85?
82
In base 12, what is -43 + 2?
-41
In base 2, what is -1 + -101111?
-110000
In base 3, what is 2 + 112210?
112212
In base 8, what is -4 - 120?
-124
In base 15, what is -2 - 59?
-5b
In base 5, what is -12 - 1142?
-1204
In base 2, what is 1001 - -1?
1010
In base 12, what is -3270 - 7?
-3277
In base 13, what is 2a9 - -3?
2ac
In base 2, what is -10 + 1101100?
1101010
In base 14, what is b - 609?
-5dc
In base 5, what is -111 - -40?
-21
In base 16, what is 139 - -1?
13a
In base 14, what is 4 + 1a?
20
In base 12, what is 148 - 5?
143
In base 9, what is -224 + -5?
-230
In base 14, what is -4 - b42?
-b46
In base 2, what is 111 + 100100?
101011
In base 9, what is 0 - -186?
186
In base 9, what is -1 - -100?
88
In base 12, what is -74 + 0?
-74
In base 8, what is -2 - -54?
52
In base 9, what is 146 + 50?
206
In base 11, what is 41a9 - 3?
41a6
In base 6, what is -2 + 120?
114
In base 9, what is -30 - -3?
-26
In base 2, what is -1 - -10100010?
10100001
In base 14, what is 0 - -20?
20
In base 2, what is -10110 + 1001?
-1101
In base 8, what is -33 - -20?
-13
In base 12, what is 7 + 145?
150
In base 8, what is 6 + -27?
-21
In base 15, what is -2 + -4d?
-50
In base 6, what is 22 - 10?
12
In base 11, what is -188 + -3?
-190
In base 13, what is 15a3 - 5?
159b
In base 7, what is 142 - -31?
203
In base 15, what is 333 - -3?
336
In base 11, what is -8 + 967?
95a
In base 14, what is c8 - 0?
c8
In base 12, what is 0 - 1a?
-1a
In ba